-36 - -36)
1
What is the value of 2 + 1 + -4 + -13 + 11?
-3
What is the value of 1 + -1 + 11 + -3?
8
Calculate -3 + (-1 - -4) - (-1 + 3).
-2
0 + 4 - (-13 + (30 - 14))
1
4 - 1 - (1 - (-7 - -8))
3
What is (4 - -1) + 4 + 1 + -6?
4
What is -4 - ((4 - 3) + -1 - 1)?
-3
Evaluate -13 + 1 + 4 + 13.
5
(-8 - -3) + (4 - 9 - -5)
-5
What is the value of (-4 - 11) + 9 - -16?
10
Evaluate -8 + 5 + 2 + -11 + 5.
-7
What is -2 + 7 - (11 + (5 - 4))?
-7
Calculate -2 + (-3 - -2) - -5.
2
(-1 - -1) + (-6 + 3 - -2)
-1
Calculate 5 + 0 + (0 - 6).
-1
Calculate 2 - (6 - 0 - 10).
6
(0 - 6) + -8 + 12
-2
Calculate 2 + -11 + (30 - 14).
7
Evaluate (-6 - 4) + (31 - 16).
5
What is the value of 9 + -18 + 4 + 10?
5
What is -5 - (-2 + -12 - -4)?
5
What is the value of -5 - 1 - (13 - (-7 + 23))?
-3
Calculate -3 + 1 - (-4 - (2 + -4)).
0
What is (3 - 2) + (-5 - (-6 + 2))?
0
-1 + 2 + 1 + -2 + -3
-3
Calculate 2 + (1 - (-4 + -3 - -5)).
5
What is the value of -4 + (4 - (-5 - (-3 - 1)))?
1
What is 0 + -2 + 3 + 1 + -2?
0
What is the value of (-38 - -34) + 3 + 2?
1
What is -3 + 7 + -5 - -4 - -3?
6
(-2 - (1 - 1)) + (-32 - -37)
3
What is -6 + 6 + -2 + -2?
-4
What is the value of (3 - 1 - 5) + 8?
5
Evaluate 7 + (-4 + (-3 - 1) - -4).
3
-2 + -4 + -4 + 9 - -3
2
What is -2 - (-5 + 1 + -3)?
5
What is the value of 2 + (0 - 2 - 2)?
-2
What is -11 + 9 + -2 - -10?
6
What is the value of 7 + -13 + 13 - 6?
1
2 - ((-3 - -6 - 5) + 9)
-5
((2 - -13) + -6 - 7) + 3
5
Evaluate 0 - (1 - (3 - 2)) - -2.
2
Calculate (-14 - -13) + -3 + -5.
-9
Evaluate 1 - 4 - (3 - 6).
0
Evaluate -1 - -6 - (-3 - (-11 - -7)).
4
What is the value of (-4 - -4) + (2 - -2)?
4
-2 + 1 - ((6 - -4) + -10)
-1
Calculate -5 + (-12 - -11) + (1 - -9).
4
What is the value of (6 - (6 + -1)) + -4?
-3
What is the value of (7 - (-2 + 0 - -6)) + -4?
-1
(-8 - -3) + 3 + 0 - 0
-2
What is the value of (2 - -1) + 3 + -1 + -4?
1
(13 - 14) + (1 - (1 - 6))
5
(-3 + 0 - 1 - -2) + 2
0
Calculate -13 - -9 - (-2 - 0).
-2
Calculate -2 + (2 + 0 - (1 + 2)).
-3
(0 - -4) + -13 + 9 + -1
-1
(-14 - -10) + 6 - (6 + 1)
-5
Evaluate (0 - -2) + -7 - 4.
-9
Calculate (2 - 4) + -4 + (5 - 4).
-5
Evaluate (11 - 5) + -22 + 19.
3
What is -4 + 2 - 0 - -5 - 6?
-3
Calculate -8 + 8 - ((-5 - -3) + 1).
1
(0 + -2 - 5) + 6 - 1
-2
-2 + 9 + (7 - 11)
3
What is -2 + -5 + (0 - -5) - 1?
-3
19 + -16 + (1 - -2) + -11
-5
What is the value of 7 + -9 + 7 + -5?
0
Calculate -1 + -5 + 0 + 4.
-2
Calculate -2 + (9 - 1) + -11.
-5
Calculate -1 + -4 + (-7 - -5) - -11.
4
Calculate 2 + -1 - 1 - -3 - 2.
1
What is (-1 - 1 - (-94 + 87)) + -4?
1
What is 5 + -11 + -1 + 8?
1
What is the value of -20 + 9 - (-6 - (0 - 1))?
-6
2 + -2 - -3 - (-95 + 101)
-3
Evaluate 12 + -2 + 0 - 9.
1
Evaluate (4 - 5) + 2 + 1 + -5.
-3
Evaluate (4 - (2 + -8)) + -7.
3
What is 2 - (0 + 1 - (30 + -32))?
-1
(4 - 13) + (-3 - -16)
4
What is 10 + (5 - (-2 - -1 - -8))?
8
Evaluate -1 + -3 - (-5 + 6 - 2).
-3
Evaluate 10 + -4 + -3 + -11.
-8
Evaluate -1 + (-1 - -1) + 3.
2
Evaluate (-1 - -6) + (6 - 8) + 1.
4
What is the value of (-2 - -7 - (2 + 2)) + -7?
-6
Evaluate 26 - 28 - (3 + -4).
-1
-4 - (-5 + 6 + -6 + 2)
-1
-3 + 5 + -6 - -2 - -11
9
What is the value of 13 + -7 + (9 - 11)?
4
What is the value of 15 + -22 - (0 - 8)?
1
What is the value of -2 + (-2 + 5 - (-2 - -4))?
-1
What is 1 - 6 - (112 - 108)?
-9
Evaluate -2 + -5 + 1 + 9.
3
Calculate -4 + (11 - (5 - -2)) + -2.
-2
Evaluate 5 + -2 + 4 + (18 - 18).
7
(6 - 0) + 2 + -10
-2
Calculate (9 - 2 - 22) + 7 - 1.
-9
Calculate 6 + (2 - (3 + 2) - -1).
4
Evaluate 3 + -4 + 6 + 0.
5
(10 - (3 - -2)) + -3
2
Calculate 3 + (-6 - -2) - -6.
5
What is the value of -1 + (2 - -2) - 4?
-1
Evaluate 10 + 6 - (21 + -6).
1
Evaluate -8 + (9 + -7 - -6).
0
What is -3 + 6 + 2 - 0?
5
Evaluate 1 + (-2 - (1 + (-1 - 1))).
0
-8 + (-4 - (1 - 7))
-6
What is the value of 12 + 0 - (-32 - -37)?
7
Calculate (-1 - -7) + 1 - (2 + -1).
6
Calculate 1 - ((-5 - 3) + 9).
0
-11 + 10 - (-1 - (0 - 4))
-4
Calculate -2 + 1 - (10 + -14).
3
What is (-10 - -5) + (2 - -6) + -5?
-2
Evaluate (4 - (0 - 0)) + -6.
-2
Evaluate -3 - (-10 - (-5 + 4)).
6
Evaluate 4 + -5 - (6 - 3).
-4
What is -4 - (5 + (4 + -13 - 2))?
2
Evaluate 48 - 35 - (-1 - -8).
6
Calculate -5 + 3 + -2 - -3.
-1
Calculate -1 + 2 - (-2 - (5 - 12)).
-4
Calculate 5 + 1 - ((9 - 12) + 5).
4
What is the value of (0 - 3) + 4 + -12?
-11
What is 0 + 3 - (-19 + 20) - 5?
-3
6 + -11 - 2 - -12
5
Evaluate -1 - 4 - (3 - -1 - 15).
6
Calculate 0 - (1 - (-2 - -5)).
2
What is the value of -7 + 4 + -6 + 3?
-6
What is -1 + 1 + -4 + 5 + -1?
0
Calculate -4 + (4 - 3 - -7).
4
What is 3 + -5 + 3 + (-3 - -3)?
1
74 - 78 - (0 + -9)
5
-3 + (-5 - (-10 - -4))
-2
What is the value of -4 + 1 - -11 - 5?
3
Calculate 2 + 1 + 5 - 2.
6
What is the value of -4 + 7 - (-1 - -2) - 3?
-1
What is the value of -10 + (5 - 4) + 4?
-5
Evaluate (-6 - -1) + 2 + -1.
-4
What is the value of -5 - (1 - (3 - -1))?
-2
What is the value of -21 + 30 - (7 - 1)?
3
What is (18 - 8) + -12 + 3?
1
Evaluate 68 + -67 - (1 + -5).
5
-5 + (4 - (-5 + 8) - -2)
-2
Evaluate -7 + 4 - (5 + -3).
-5
Evaluate 0 - 5 - 0 - -2.
-3
Calculate (3 - (1 + -5)) + -3.
4
What is the value of -4 + 12 + -12 + 7?
3
Evaluate 11 + -13 - (1 + 0).
-3
Evaluate -9 + 0 + (-3 - -12) + -4.
-4
Calculate -6 - 1 - -1 - (7 - 8).
-5
What is (-9 - -2) + -40 + 38?
-9
-7 - -7 - (-2 - 0)
2
-3 - (5 + -1 + -7)
0
Calculate (1 - -2) + -4 - 5.
-6
What is 1 + (0 + 4 - 5 - -2)?
2
Calculate (20 - 16) + (0 - 4).
0
Calculate 3 - (1 - 1 - (-6 - -4)).
1
-4 + (0 - -1) + 60 + -52
5
Calculate 3 - 4 - (-5 + 6).
-2
Evaluate -9 + 5 + 3 + (6 - 0).
5
Calculate (-12 - (-6 - 1)) + 4 + 2.
1
-4 + (1 - (1 + 2)) + 6
0
What is (-1 - 4) + 9 + -3?
1
What is -6 - (25 - 19 - (5 + 0))?
-7
Evaluate -10 - -2 - (10 - 15 - 1).
-2
Evaluate 0 + -11 + 52 + -44.
-3
What is the value of (-7 - 3) + (-16 - -29)?
3
What is the value of 5 + (-6 - -4 - 9)?
-6
What is -3 - (0 + -1) - (2 + -2)?
-2
Evaluate (-5 - -4) + -1 + 1 - 2.
-3
What is the value of (18 - 16) + (0 - (6 - 2))?
-2
What is the value of -2 - -1 - (9 + -9)?
-1
1 + 4 + 0 + -6 - 2
-3
-10 - (-7 - -2) - (1 + -1)
-5
Calculate 3 + 2 + -6 + 3 - 2.
0
What is 17 + -4 + -9 - (1 - 3)?
6
What is (5 + -4 - -6) + 5 + -4?
8
5 - 0 - (4 + 0)
1
What is the value of 1 - (-4 + 6) - 1?
-2
What is 0 - (-7 + (13 - 7))?
1
-5 - (-5 - (0 - -5))
5
What is the value of -1 + 2 + 10 + -34 + 24?
1
(-1 - (-2 - -1)) + (15 - 13)
2
What is the value of -8 - (-5 + 14 - 20)?
3
What is 8 - (5 + -9 + 6)?
6
What is the value of 1 + 1 + -1 + (-29 - -25)?
-3
What is the value of (3 + -7 - -7) + -4?
-1
Evaluate 7 + -3 + (-4 - -5).
5
Evaluate -44 - -51 - (5 + 1).
1
-1 + 3 + -2 - -3
3
What is the value of 8 - ((28 - 8) + -10)?
-2
What is the value of -2 - 2 - 4 - -4?
-4
Evaluate 5 - 2 - (-6 - -11).
-2
What is -1 + -3 + -2 + (10 - 0)?
4
What is -12 - (-5 - (-2 - -4))?
-5
What is 19 - ((28 - 13) + -4)?
8
What is (-5 - -1) + (34 - 33)?
-3
(-1 - 4) + 11 + -5
1
Evaluate (-1 - -5) + (-24 - -22).
2
-3 + 0 - (-1 - 4)
2
Calculate -3 + (-5 - (-6 - -3)).
-5
Calculate (0 + 8 - -4 - 4) + -3.
5
Calculate 0 + (-7 - -7) + (0 - -2).
2
Calculate -59 + 59 - (2 + -3 + 5).
-4
What is the value of 1 + 1 + 2 + 3 + -2?
5
What is the value of -12 + 11 - (-3 + 0)?
2
What is the value of (-1 - (0 + -4)) + -3 + 1?
1
Evaluate -3 + (3 - 6) + 3.
-3
12 + -11 + (9 - 4)
6
Evaluate -11 - (3 + 5 - 12).
-7
What is the value of -2 - (-5 - (-1 + -2))?
0
Calculate -3 - -6 - (2 + (-1 - 1)).
3
What is the value of -9 - (-6 - -1) - -6?
2
What is the value of 5 + (-9 + (3 - 1) - -4)?
2
What is 0 + -2 + (-13 - -10)?
-5
Evaluate 6 + (-2 + 4 - 5).
3
Evaluate -4 + 3 + (-3 - -3) + -4.
-5
-34 + 31 - (0 - 5)
2
Evaluate -3 + (2 + 3 - 9).
-7
Calculate 2 + 3 + 4 + -5 + 4.
8
5 - ((-14 - -8) + -3 + 5)
9
Evaluate -4 - 0 - (0 - (3 - -3)).
2
Evaluate -1 + 1 - (1 + -10 - -6).
3
Evaluate 3 + -19 + (31 - 22).
-7
-13 + 11 + 8 + 0 + 0
6
What is the value of 0 - (1 + 1) - (-2 + 8)?
-8
Calculate -1 - ((-12 - -6) + 4 + 3).
-2
-1 + 12 - (-44 + 60)
-5
Calculate 0 + (-6 + (0 - -3) - -5).
2
What is -1 + 6 + (-4 - -4) + -2?
3
-1 - (-1 - -3 - (5 - 7))
-5
Evaluate -2 + (3 - 1) - -1.
1
Calculate (12 + -9 - 2) + 6.
7
Calculate 10 - 11 - (-5 + 8 + -3).
-1
0 - 2 - (-4 + 0) - -3
5
What is 2 + -1 + -7 - (-1 + 0)?
-5
3 + 2 + (-2 - 3)
0
Evaluate (-3 + (-9 - -4) - -5) + -1.
-4
Calculate 7 + -10 + 3 + 0 + -6.
-6
Wh